{"id":2597,"date":"2014-03-15T20:08:45","date_gmt":"2014-03-15T19:08:45","guid":{"rendered":"http:\/\/svhuesten09.de\/web\/?page_id=2597"},"modified":"2014-03-17T19:04:38","modified_gmt":"2014-03-17T18:04:38","slug":"speisekarte","status":"publish","type":"page","link":"https:\/\/svhuesten09.de\/web\/speisekarte\/","title":{"rendered":"Speisekarte"},"content":{"rendered":"<p>Der SV H\u00fcsten 09 bietet nicht nur fu\u00dfballerische Leckerbissen f\u00fcr&#8217;s Auge, sondern auch f\u00fcr das leibliche Wohl!<\/p>\n<p>[tab name=&#8220;Snacks&#8220;]Hot-Dog<\/p>\n<p>Bratwurst mit Pommes<\/p>\n<p>H\u00e4hnchenburger mit Dressing und Krautsalat<\/p>\n<p>Mantaplatte[\/tab]<br \/>\n[tab name=&#8220;Schnitzel&#8220;]Schweineschnitzel mit Pommes und Kroketten<\/p>\n<p>Zigeunerschnitzel mit Pommes und Kroketten<\/p>\n<p>Zwiebelschnitzel mit Pommes und Kroketten<\/p>\n<p>Schnitzel mit gebratenen Champignons, Pommes und Kroketten<\/p>\n<p>H\u00e4hnchenschnitzel mit Pommes und Kroketten[\/tab]<br \/>\n[tab name=&#8220;Getr\u00e4nke&#8220;]<strong>Alkoholische Getr\u00e4nke<\/strong><\/p>\n<p>Veltins 0,2l<\/p>\n<p>Veltins 0,3l<\/p>\n<p>Veltins 0,4l<\/p>\n<p>Veltins 0,5l<\/p>\n<p>Maisel&#8217;s Weisse 0,5l<\/p>\n<p>Maisel&#8217;s Weisse 0,5l (alkoholfrei)<\/p>\n<p>Veltins Fassbrause 0,33l<\/p>\n<p>Veltins Malz 0,33l<\/p>\n<p>Veltins Radler 0,33l<\/p>\n<p><strong>Alkoholfreie Getr\u00e4nke<\/strong><\/p>\n<p><strong><\/strong>Coca Cola 0,2l<\/p>\n<p>Coca Cola light 0,2l<\/p>\n<p>Fanta 0,2l<\/p>\n<p>Sprite 0,2l<\/p>\n<p>Wasser 0,2l<\/p>\n<p>Kaffee<\/p>\n<p>Tee (verschiedene Sorten)<\/p>\n<p>Kakao mit Sahne[\/tab]<br \/>\n[tab name=&#8220;Lik\u00f6re &amp; Schn\u00e4pse&#8220;]Ganz Alter Schneider<\/p>\n<p>Gash\u00fcpfer<\/p>\n<p>Wilde Waldfee<\/p>\n<p>Stonsdorfer<\/p>\n<p>Ouzo<\/p>\n<p>Apfelkorn<\/p>\n<p>Wildbeere<\/p>\n<p>Pfefferminz-Lik\u00f6r<\/p>\n<p>Kapputten<\/p>\n<p>Ramazzotti<\/p>\n<p>Kille Pitsch<\/p>\n<p>Irish Mist<\/p>\n<p>Fernet Branca<\/p>\n<p>Captain Morgan \/ Cola<\/p>\n<p>Asbach \/ Cola[\/tab]<\/p>\n<p>[tab name=&#8220;Vorbestellung&#8220;]Nudeln mit Sauce Bolognese und Tomaten-Gurkensalat<\/p>\n<p>S\u00fclze mit Bratkartoffeln und dicke Bohnen<\/p>\n<p>Hackfleisch-Bohnen-Eintopf mit Br\u00f6tchen<\/p>\n<p>Curry-Rahm-Geschnetzeltes (Gefl\u00fcgel) mit gr\u00fcnen Bandnudeln<\/p>\n<p>Rinderwurst mit Bratkartoffeln und Rote Bete<\/p>\n<p>Rinderfilet-Geschnetzeltes mit Nudeln<\/p>\n<p>Rinderfilet auf drei Senfsaucen-Spiegel mit Kroketten und Salat[\/tab]<br \/>\n[end_tabset]<\/p>\n","protected":false},"excerpt":{"rendered":"<p>Der SV H\u00fcsten 09 bietet nicht nur fu\u00dfballerische Leckerbissen f\u00fcr&#8217;s Auge, sondern auch f\u00fcr das leibliche Wohl! [tab name=&#8220;Snacks&#8220;]Hot-Dog Bratwurst mit Pommes H\u00e4hnchenburger mit Dressing und Krautsalat Mantaplatte[\/tab] [tab name=&#8220;Schnitzel&#8220;]Schweineschnitzel mit Pommes und Kroketten Zigeunerschnitzel mit Pommes und Kroketten Zwiebelschnitzel mit Pommes und Kroketten Schnitzel mit gebratenen Champignons, Pommes und Kroketten H\u00e4hnchenschnitzel mit Pommes und [&hellip;]<\/p>\n","protected":false},"author":5,"featured_media":2602,"parent":0,"menu_order":0,"comment_status":"closed","ping_status":"closed","template":"","meta":[],"_links":{"self":[{"href":"https:\/\/svhuesten09.de\/web\/wp-json\/wp\/v2\/pages\/2597"}],"collection":[{"href":"https:\/\/svhuesten09.de\/web\/wp-json\/wp\/v2\/pages"}],"about":[{"href":"https:\/\/svhuesten09.de\/web\/wp-json\/wp\/v2\/types\/page"}],"author":[{"embeddable":true,"href":"https:\/\/svhuesten09.de\/web\/wp-json\/wp\/v2\/users\/5"}],"replies":[{"embeddable":true,"href":"https:\/\/svhuesten09.de\/web\/wp-json\/wp\/v2\/comments?post=2597"}],"version-history":[{"count":5,"href":"https:\/\/svhuesten09.de\/web\/wp-json\/wp\/v2\/pages\/2597\/revisions"}],"predecessor-version":[{"id":2603,"href":"https:\/\/svhuesten09.de\/web\/wp-json\/wp\/v2\/pages\/2597\/revisions\/2603"}],"wp:featuredmedia":[{"embeddable":true,"href":"https:\/\/svhuesten09.de\/web\/wp-json\/wp\/v2\/media\/2602"}],"wp:attachment":[{"href":"https:\/\/svhuesten09.de\/web\/wp-json\/wp\/v2\/media?parent=2597"}],"curies":[{"name":"wp","href":"https:\/\/api.w.org\/{rel}","templated":true}]}}