{"id":625,"date":"2014-01-24T15:53:55","date_gmt":"2014-01-24T14:53:55","guid":{"rendered":"http:\/\/svhuesten09.de\/web\/?page_id=625"},"modified":"2014-01-24T15:53:55","modified_gmt":"2014-01-24T14:53:55","slug":"schiedsrichter","status":"publish","type":"page","link":"https:\/\/svhuesten09.de\/web\/schiedsrichter\/","title":{"rendered":"Schiedsrichter"},"content":{"rendered":"<section class=\"staff\">\n\t\t\t<h3>Schiedsrichter<\/h3><article class=\"post-row clearfix\"><div class=\"post-thumbnail\"><img width=\"150\" height=\"150\" src=\"https:\/\/svhuesten09.de\/web\/wp-content\/uploads\/2014\/01\/gaby-cultrera-150x150.jpg\" class=\"attachment-thumbnail size-thumbnail wp-post-image\" alt=\"\" decoding=\"async\" loading=\"lazy\" title=\"Gaby Cultrera\" srcset=\"https:\/\/svhuesten09.de\/web\/wp-content\/uploads\/2014\/01\/gaby-cultrera-150x150.jpg 150w, https:\/\/svhuesten09.de\/web\/wp-content\/uploads\/2014\/01\/gaby-cultrera-300x300.jpg 300w, https:\/\/svhuesten09.de\/web\/wp-content\/uploads\/2014\/01\/gaby-cultrera-584x584.jpg 584w, https:\/\/svhuesten09.de\/web\/wp-content\/uploads\/2014\/01\/gaby-cultrera-288x288.jpg 288w, https:\/\/svhuesten09.de\/web\/wp-content\/uploads\/2014\/01\/gaby-cultrera-100x100.jpg 100w, https:\/\/svhuesten09.de\/web\/wp-content\/uploads\/2014\/01\/gaby-cultrera-50x50.jpg 50w, https:\/\/svhuesten09.de\/web\/wp-content\/uploads\/2014\/01\/gaby-cultrera-25x25.jpg 25w, https:\/\/svhuesten09.de\/web\/wp-content\/uploads\/2014\/01\/gaby-cultrera-600x600.jpg 600w, https:\/\/svhuesten09.de\/web\/wp-content\/uploads\/2014\/01\/gaby-cultrera-320x320.jpg 320w, https:\/\/svhuesten09.de\/web\/wp-content\/uploads\/2014\/01\/gaby-cultrera-119x120.jpg 119w, https:\/\/svhuesten09.de\/web\/wp-content\/uploads\/2014\/01\/gaby-cultrera.jpg 947w\" sizes=\"(max-width: 150px) 100vw, 150px\" \/><\/div><div class=\"staff-post\">\n\t\t\t\t<h2 class=\"entry-title\">Gaby Cultrera<\/h2>\n\t\t\t\t<div class=\"entry-summary\"><table><tbody><\/tbody><\/table><p><strong>Ansprechpartner Schiedsrichterwesen<\/strong><\/p>\n<p>Seit dem 01. Januar 2011 ist es f\u00fcr alle Vereine im FLVW Arnsberg Pflicht, einen Hauptamtlichen Ansprechpartner Schiedsrichterwesen zu benennen, der selber nicht Schiedsrichter sein darf. Der SV\u00a0H\u00fcsten 09 hat daf\u00fcr Gaby Cultrera benannt.<\/p>\n<\/div><\/div>\n\t\t\t<div class=\"clear\"><\/div>\n\t\t\t<\/article><article class=\"post-row clearfix\"><div class=\"post-thumbnail\"><img width=\"150\" height=\"150\" src=\"https:\/\/svhuesten09.de\/web\/wp-content\/uploads\/2014\/01\/uli-lemmer-1-150x150.jpg\" class=\"attachment-thumbnail size-thumbnail wp-post-image\" alt=\"\" decoding=\"async\" loading=\"lazy\" title=\"Ulrich Lemmer\" srcset=\"https:\/\/svhuesten09.de\/web\/wp-content\/uploads\/2014\/01\/uli-lemmer-1-150x150.jpg 150w, https:\/\/svhuesten09.de\/web\/wp-content\/uploads\/2014\/01\/uli-lemmer-1-100x100.jpg 100w, https:\/\/svhuesten09.de\/web\/wp-content\/uploads\/2014\/01\/uli-lemmer-1-50x50.jpg 50w, https:\/\/svhuesten09.de\/web\/wp-content\/uploads\/2014\/01\/uli-lemmer-1-25x25.jpg 25w, https:\/\/svhuesten09.de\/web\/wp-content\/uploads\/2014\/01\/uli-lemmer-1-120x120.jpg 120w, https:\/\/svhuesten09.de\/web\/wp-content\/uploads\/2014\/01\/uli-lemmer-1.jpg 229w\" sizes=\"(max-width: 150px) 100vw, 150px\" \/><\/div><div class=\"staff-post\">\n\t\t\t\t<h2 class=\"entry-title\">Ulrich Lemmer<\/h2>\n\t\t\t\t<div class=\"entry-summary\"><table><tbody><\/tbody><\/table><p><strong>SR-Pr\u00fcfung:<\/strong>\u00a01986<br \/>\n<strong>H\u00f6chste Klasse:<\/strong> Verbandsliga, bis zum Erreichen der Altersgrenze Schiedsrichterassistent in der Oberliga.<\/p>\n<p>Schiedsrichterlehrwart von 2001 bis 2016. Wahl zum Kreisvorsitzenden des Fu\u00dfball- und Leichtathletik Kreis Arnsberg im April 2016.<\/p>\n<\/div><\/div>\n\t\t\t<div class=\"clear\"><\/div>\n\t\t\t<\/article><article class=\"post-row clearfix\"><div class=\"post-thumbnail\"><img width=\"150\" height=\"150\" src=\"https:\/\/svhuesten09.de\/web\/wp-content\/uploads\/2014\/01\/ralf-salinus-150x150.jpg\" class=\"attachment-thumbnail size-thumbnail wp-post-image\" alt=\"\" decoding=\"async\" loading=\"lazy\" title=\"Ralf Salinus\" srcset=\"https:\/\/svhuesten09.de\/web\/wp-content\/uploads\/2014\/01\/ralf-salinus-150x150.jpg 150w, https:\/\/svhuesten09.de\/web\/wp-content\/uploads\/2014\/01\/ralf-salinus-300x300.jpg 300w, https:\/\/svhuesten09.de\/web\/wp-content\/uploads\/2014\/01\/ralf-salinus-288x288.jpg 288w, https:\/\/svhuesten09.de\/web\/wp-content\/uploads\/2014\/01\/ralf-salinus-100x100.jpg 100w, https:\/\/svhuesten09.de\/web\/wp-content\/uploads\/2014\/01\/ralf-salinus-50x50.jpg 50w, https:\/\/svhuesten09.de\/web\/wp-content\/uploads\/2014\/01\/ralf-salinus-25x25.jpg 25w, https:\/\/svhuesten09.de\/web\/wp-content\/uploads\/2014\/01\/ralf-salinus-320x320.jpg 320w, https:\/\/svhuesten09.de\/web\/wp-content\/uploads\/2014\/01\/ralf-salinus-119x120.jpg 119w, https:\/\/svhuesten09.de\/web\/wp-content\/uploads\/2014\/01\/ralf-salinus.jpg 470w\" sizes=\"(max-width: 150px) 100vw, 150px\" \/><\/div><div class=\"staff-post\">\n\t\t\t\t<h2 class=\"entry-title\">Ralf Salinus<\/h2>\n\t\t\t\t<div class=\"entry-summary\"><table><tbody><\/tbody><\/table><p><strong>SR-Pr\u00fcfung:<\/strong>\u00a02004<br \/>\n<strong>Aufstieg Kreisklasse:<\/strong>\u00a02005<\/p>\n<p>Ralf begann seine aktive Fu\u00dfballerlaufbahn im Jahre 1978 in der\u00a0E-Jugend des TuS\u00a0Velmede\/Bestwig und spielte dort bis 1987 in der B-Jugend. Dann wechselte er zur A-Jugend des SC\u00a0Neheim, verlie\u00df den Verein 1989 und wechselte zum SuS H\u00fcsten 09. Die folgenden 7 Jahre spielte er in der 1. Mannschaft und wechselte 1996 zum SV\u00a0Endorf, wo er in den kommenden 3 Jahren als Spielertrainer den Aufstieg in die A-Kreisliga schaffte. 1999 R\u00fcckkehr zum SV\u00a0H\u00fcsten 09.<\/p>\n<\/div><\/div>\n\t\t\t<div class=\"clear\"><\/div>\n\t\t\t<\/article><article class=\"post-row clearfix\"><div class=\"staff-post\">\n\t\t\t\t<h2 class=\"entry-title\">Oktay Yilmaz<\/h2>\n\t\t\t\t<div class=\"entry-summary\"><table><tbody><\/tbody><\/table><p><strong>SR-Pr\u00fcfung:<\/strong> 2013<\/p>\n<p>Oktay Yilmaz absolvierte seine Schiedsrichterpr\u00fcfung am 13. November 2013. Erste Eins\u00e4tze liegen hinter ihm.<\/p>\n<\/div><\/div>\n\t\t\t<div class=\"clear\"><\/div>\n\t\t\t<\/article><article class=\"post-row clearfix\"><div class=\"staff-post\">\n\t\t\t\t<h2 class=\"entry-title\">Oguzhan \u00d6nbas<\/h2>\n\t\t\t\t<div class=\"entry-summary\"><table><tbody><\/tbody><\/table><p><strong>SR-Pr\u00fcfung:<\/strong> 2013<\/p>\n<p>Oguzhan \u00d6nbas legte seine Schiedsrichterpr\u00fcfung am 13. November 2013 ab. Auch hinter ihm liegen die ersten Eins\u00e4tze als Schiedsrichter.<\/p>\n<\/div><\/div>\n\t\t\t<div class=\"clear\"><\/div>\n\t\t\t<\/article><article class=\"post-row clearfix\"><div class=\"post-thumbnail\"><img width=\"150\" height=\"150\" src=\"https:\/\/svhuesten09.de\/web\/wp-content\/uploads\/2014\/01\/klaus-zweimann-150x150.jpg\" class=\"attachment-thumbnail size-thumbnail wp-post-image\" alt=\"\" decoding=\"async\" loading=\"lazy\" title=\"Klaus Zweimann\" srcset=\"https:\/\/svhuesten09.de\/web\/wp-content\/uploads\/2014\/01\/klaus-zweimann-150x150.jpg 150w, https:\/\/svhuesten09.de\/web\/wp-content\/uploads\/2014\/01\/klaus-zweimann-300x300.jpg 300w, https:\/\/svhuesten09.de\/web\/wp-content\/uploads\/2014\/01\/klaus-zweimann-1024x1024.jpg 1024w, https:\/\/svhuesten09.de\/web\/wp-content\/uploads\/2014\/01\/klaus-zweimann-584x584.jpg 584w, https:\/\/svhuesten09.de\/web\/wp-content\/uploads\/2014\/01\/klaus-zweimann-288x288.jpg 288w, https:\/\/svhuesten09.de\/web\/wp-content\/uploads\/2014\/01\/klaus-zweimann-100x100.jpg 100w, https:\/\/svhuesten09.de\/web\/wp-content\/uploads\/2014\/01\/klaus-zweimann-50x50.jpg 50w, https:\/\/svhuesten09.de\/web\/wp-content\/uploads\/2014\/01\/klaus-zweimann-25x25.jpg 25w, https:\/\/svhuesten09.de\/web\/wp-content\/uploads\/2014\/01\/klaus-zweimann-600x600.jpg 600w, https:\/\/svhuesten09.de\/web\/wp-content\/uploads\/2014\/01\/klaus-zweimann-320x320.jpg 320w, https:\/\/svhuesten09.de\/web\/wp-content\/uploads\/2014\/01\/klaus-zweimann-120x120.jpg 120w, https:\/\/svhuesten09.de\/web\/wp-content\/uploads\/2014\/01\/klaus-zweimann.jpg 1376w\" sizes=\"(max-width: 150px) 100vw, 150px\" \/><\/div><div class=\"staff-post\">\n\t\t\t\t<h2 class=\"entry-title\">Klaus Zweimann<\/h2>\n\t\t\t\t<div class=\"entry-summary\"><table><tbody><\/tbody><\/table><p><strong>SR-Pr\u00fcfung:<\/strong> 2009<\/p>\n<p>Neben seiner T\u00e4tigkeit als Trainer im Jugendbereich ist Klaus Zweimann auch als Schiedsrichter aktiv. Oftmals ist er in beiden T\u00e4tigkeiten am Wochenende unterwegs. Eins\u00e4tze hat Klaus Zweimann in der A-Liga, wo er auch in den anderen Kreisen pfeift.<\/p>\n<\/div><\/div>\n\t\t\t<div class=\"clear\"><\/div>\n\t\t\t<\/article><article class=\"post-row clearfix\"><div class=\"staff-post\">\n\t\t\t\t<h2 class=\"entry-title\">Norman Bertram<\/h2>\n\t\t\t\t<div class=\"entry-summary\"><table><tbody><\/tbody><\/table><p><strong>SR-Pr\u00fcfung:<\/strong> 2009<\/p>\n<p>Norman Bertram ist seit dem 08. Juni 2009 Schiedsrichter. Im Verein ist er seit August 2011. Norman Bertram ist ein gern gesehener Schiedsrichter im Kreisgebiet, der aber auch zu Eins\u00e4tzen in anderen Kreisen kommt.<\/p>\n<\/div><\/div>\n\t\t\t<div class=\"clear\"><\/div>\n\t\t\t<\/article><article class=\"post-row clearfix last\"><div class=\"post-thumbnail\"><img width=\"150\" height=\"150\" src=\"https:\/\/svhuesten09.de\/web\/wp-content\/uploads\/2026\/02\/ilkay-oeczelep-schiri26-150x150.jpg\" class=\"attachment-thumbnail size-thumbnail wp-post-image\" alt=\"\" decoding=\"async\" loading=\"lazy\" title=\"Ilkay \u00d6zcelep\" srcset=\"https:\/\/svhuesten09.de\/web\/wp-content\/uploads\/2026\/02\/ilkay-oeczelep-schiri26-150x150.jpg 150w, https:\/\/svhuesten09.de\/web\/wp-content\/uploads\/2026\/02\/ilkay-oeczelep-schiri26-288x288.jpg 288w, https:\/\/svhuesten09.de\/web\/wp-content\/uploads\/2026\/02\/ilkay-oeczelep-schiri26-50x50.jpg 50w, https:\/\/svhuesten09.de\/web\/wp-content\/uploads\/2026\/02\/ilkay-oeczelep-schiri26-100x100.jpg 100w\" sizes=\"(max-width: 150px) 100vw, 150px\" \/><\/div><div class=\"staff-post\">\n\t\t\t\t<h2 class=\"entry-title\">Ilkay \u00d6zcelep<\/h2>\n\t\t\t\t<div class=\"entry-summary\"><table><tbody><\/tbody><\/table><p><strong>SR-Pr\u00fcfung:<\/strong> 2026<\/p>\n<\/div><\/div>\n\t\t\t<div class=\"clear\"><\/div>\n\t\t\t<\/article><\/section>\n","protected":false},"excerpt":{"rendered":"","protected":false},"author":5,"featured_media":0,"parent":0,"menu_order":0,"comment_status":"closed","ping_status":"closed","template":"","meta":[],"_links":{"self":[{"href":"https:\/\/svhuesten09.de\/web\/wp-json\/wp\/v2\/pages\/625"}],"collection":[{"href":"https:\/\/svhuesten09.de\/web\/wp-json\/wp\/v2\/pages"}],"about":[{"href":"https:\/\/svhuesten09.de\/web\/wp-json\/wp\/v2\/types\/page"}],"author":[{"embeddable":true,"href":"https:\/\/svhuesten09.de\/web\/wp-json\/wp\/v2\/users\/5"}],"replies":[{"embeddable":true,"href":"https:\/\/svhuesten09.de\/web\/wp-json\/wp\/v2\/comments?post=625"}],"version-history":[{"count":1,"href":"https:\/\/svhuesten09.de\/web\/wp-json\/wp\/v2\/pages\/625\/revisions"}],"predecessor-version":[{"id":626,"href":"https:\/\/svhuesten09.de\/web\/wp-json\/wp\/v2\/pages\/625\/revisions\/626"}],"wp:attachment":[{"href":"https:\/\/svhuesten09.de\/web\/wp-json\/wp\/v2\/media?parent=625"}],"curies":[{"name":"wp","href":"https:\/\/api.w.org\/{rel}","templated":true}]}}

<section class="staff">
			<h3>Schiedsrichter</h3><article class="post-row clearfix"><div class="post-thumbnail"><img width="150" height="150" src="https://svhuesten09.de/web/wp-content/uploads/2014/01/gaby-cultrera-150x150.jpg" class="attachment-thumbnail size-thumbnail wp-post-image" alt="" decoding="async" loading="lazy" title="Gaby Cultrera" srcset="https://svhuesten09.de/web/wp-content/uploads/2014/01/gaby-cultrera-150x150.jpg 150w, https://svhuesten09.de/web/wp-content/uploads/2014/01/gaby-cultrera-300x300.jpg 300w, https://svhuesten09.de/web/wp-content/uploads/2014/01/gaby-cultrera-584x584.jpg 584w, https://svhuesten09.de/web/wp-content/uploads/2014/01/gaby-cultrera-288x288.jpg 288w, https://svhuesten09.de/web/wp-content/uploads/2014/01/gaby-cultrera-100x100.jpg 100w, https://svhuesten09.de/web/wp-content/uploads/2014/01/gaby-cultrera-50x50.jpg 50w, https://svhuesten09.de/web/wp-content/uploads/2014/01/gaby-cultrera-25x25.jpg 25w, https://svhuesten09.de/web/wp-content/uploads/2014/01/gaby-cultrera-600x600.jpg 600w, https://svhuesten09.de/web/wp-content/uploads/2014/01/gaby-cultrera-320x320.jpg 320w, https://svhuesten09.de/web/wp-content/uploads/2014/01/gaby-cultrera-119x120.jpg 119w, https://svhuesten09.de/web/wp-content/uploads/2014/01/gaby-cultrera.jpg 947w" sizes="(max-width: 150px) 100vw, 150px" /></div><div class="staff-post">
				<h2 class="entry-title">Gaby Cultrera</h2>
				<div class="entry-summary"><table><tbody></tbody></table><p><strong>Ansprechpartner Schiedsrichterwesen</strong></p>
<p>Seit dem 01. Januar 2011 ist es für alle Vereine im FLVW Arnsberg Pflicht, einen Hauptamtlichen Ansprechpartner Schiedsrichterwesen zu benennen, der selber nicht Schiedsrichter sein darf. Der SV Hüsten 09 hat dafür Gaby Cultrera benannt.</p>
</div></div>
			<div class="clear"></div>
			</article><article class="post-row clearfix"><div class="post-thumbnail"><img width="150" height="150" src="https://svhuesten09.de/web/wp-content/uploads/2014/01/uli-lemmer-1-150x150.jpg" class="attachment-thumbnail size-thumbnail wp-post-image" alt="" decoding="async" loading="lazy" title="Ulrich Lemmer" srcset="https://svhuesten09.de/web/wp-content/uploads/2014/01/uli-lemmer-1-150x150.jpg 150w, https://svhuesten09.de/web/wp-content/uploads/2014/01/uli-lemmer-1-100x100.jpg 100w, https://svhuesten09.de/web/wp-content/uploads/2014/01/uli-lemmer-1-50x50.jpg 50w, https://svhuesten09.de/web/wp-content/uploads/2014/01/uli-lemmer-1-25x25.jpg 25w, https://svhuesten09.de/web/wp-content/uploads/2014/01/uli-lemmer-1-120x120.jpg 120w, https://svhuesten09.de/web/wp-content/uploads/2014/01/uli-lemmer-1.jpg 229w" sizes="(max-width: 150px) 100vw, 150px" /></div><div class="staff-post">
				<h2 class="entry-title">Ulrich Lemmer</h2>
				<div class="entry-summary"><table><tbody></tbody></table><p><strong>SR-Prüfung:</strong> 1986<br />
<strong>Höchste Klasse:</strong> Verbandsliga, bis zum Erreichen der Altersgrenze Schiedsrichterassistent in der Oberliga.</p>
<p>Schiedsrichterlehrwart von 2001 bis 2016. Wahl zum Kreisvorsitzenden des Fußball- und Leichtathletik Kreis Arnsberg im April 2016.</p>
</div></div>
			<div class="clear"></div>
			</article><article class="post-row clearfix"><div class="post-thumbnail"><img width="150" height="150" src="https://svhuesten09.de/web/wp-content/uploads/2014/01/ralf-salinus-150x150.jpg" class="attachment-thumbnail size-thumbnail wp-post-image" alt="" decoding="async" loading="lazy" title="Ralf Salinus" srcset="https://svhuesten09.de/web/wp-content/uploads/2014/01/ralf-salinus-150x150.jpg 150w, https://svhuesten09.de/web/wp-content/uploads/2014/01/ralf-salinus-300x300.jpg 300w, https://svhuesten09.de/web/wp-content/uploads/2014/01/ralf-salinus-288x288.jpg 288w, https://svhuesten09.de/web/wp-content/uploads/2014/01/ralf-salinus-100x100.jpg 100w, https://svhuesten09.de/web/wp-content/uploads/2014/01/ralf-salinus-50x50.jpg 50w, https://svhuesten09.de/web/wp-content/uploads/2014/01/ralf-salinus-25x25.jpg 25w, https://svhuesten09.de/web/wp-content/uploads/2014/01/ralf-salinus-320x320.jpg 320w, https://svhuesten09.de/web/wp-content/uploads/2014/01/ralf-salinus-119x120.jpg 119w, https://svhuesten09.de/web/wp-content/uploads/2014/01/ralf-salinus.jpg 470w" sizes="(max-width: 150px) 100vw, 150px" /></div><div class="staff-post">
				<h2 class="entry-title">Ralf Salinus</h2>
				<div class="entry-summary"><table><tbody></tbody></table><p><strong>SR-Prüfung:</strong> 2004<br />
<strong>Aufstieg Kreisklasse:</strong> 2005</p>
<p>Ralf begann seine aktive Fußballerlaufbahn im Jahre 1978 in der E-Jugend des TuS Velmede/Bestwig und spielte dort bis 1987 in der B-Jugend. Dann wechselte er zur A-Jugend des SC Neheim, verließ den Verein 1989 und wechselte zum SuS Hüsten 09. Die folgenden 7 Jahre spielte er in der 1. Mannschaft und wechselte 1996 zum SV Endorf, wo er in den kommenden 3 Jahren als Spielertrainer den Aufstieg in die A-Kreisliga schaffte. 1999 Rückkehr zum SV Hüsten 09.</p>
</div></div>
			<div class="clear"></div>
			</article><article class="post-row clearfix"><div class="staff-post">
				<h2 class="entry-title">Oktay Yilmaz</h2>
				<div class="entry-summary"><table><tbody></tbody></table><p><strong>SR-Prüfung:</strong> 2013</p>
<p>Oktay Yilmaz absolvierte seine Schiedsrichterprüfung am 13. November 2013. Erste Einsätze liegen hinter ihm.</p>
</div></div>
			<div class="clear"></div>
			</article><article class="post-row clearfix"><div class="staff-post">
				<h2 class="entry-title">Oguzhan Önbas</h2>
				<div class="entry-summary"><table><tbody></tbody></table><p><strong>SR-Prüfung:</strong> 2013</p>
<p>Oguzhan Önbas legte seine Schiedsrichterprüfung am 13. November 2013 ab. Auch hinter ihm liegen die ersten Einsätze als Schiedsrichter.</p>
</div></div>
			<div class="clear"></div>
			</article><article class="post-row clearfix"><div class="post-thumbnail"><img width="150" height="150" src="https://svhuesten09.de/web/wp-content/uploads/2014/01/klaus-zweimann-150x150.jpg" class="attachment-thumbnail size-thumbnail wp-post-image" alt="" decoding="async" loading="lazy" title="Klaus Zweimann" srcset="https://svhuesten09.de/web/wp-content/uploads/2014/01/klaus-zweimann-150x150.jpg 150w, https://svhuesten09.de/web/wp-content/uploads/2014/01/klaus-zweimann-300x300.jpg 300w, https://svhuesten09.de/web/wp-content/uploads/2014/01/klaus-zweimann-1024x1024.jpg 1024w, https://svhuesten09.de/web/wp-content/uploads/2014/01/klaus-zweimann-584x584.jpg 584w, https://svhuesten09.de/web/wp-content/uploads/2014/01/klaus-zweimann-288x288.jpg 288w, https://svhuesten09.de/web/wp-content/uploads/2014/01/klaus-zweimann-100x100.jpg 100w, https://svhuesten09.de/web/wp-content/uploads/2014/01/klaus-zweimann-50x50.jpg 50w, https://svhuesten09.de/web/wp-content/uploads/2014/01/klaus-zweimann-25x25.jpg 25w, https://svhuesten09.de/web/wp-content/uploads/2014/01/klaus-zweimann-600x600.jpg 600w, https://svhuesten09.de/web/wp-content/uploads/2014/01/klaus-zweimann-320x320.jpg 320w, https://svhuesten09.de/web/wp-content/uploads/2014/01/klaus-zweimann-120x120.jpg 120w, https://svhuesten09.de/web/wp-content/uploads/2014/01/klaus-zweimann.jpg 1376w" sizes="(max-width: 150px) 100vw, 150px" /></div><div class="staff-post">
				<h2 class="entry-title">Klaus Zweimann</h2>
				<div class="entry-summary"><table><tbody></tbody></table><p><strong>SR-Prüfung:</strong> 2009</p>
<p>Neben seiner Tätigkeit als Trainer im Jugendbereich ist Klaus Zweimann auch als Schiedsrichter aktiv. Oftmals ist er in beiden Tätigkeiten am Wochenende unterwegs. Einsätze hat Klaus Zweimann in der A-Liga, wo er auch in den anderen Kreisen pfeift.</p>
</div></div>
			<div class="clear"></div>
			</article><article class="post-row clearfix"><div class="staff-post">
				<h2 class="entry-title">Norman Bertram</h2>
				<div class="entry-summary"><table><tbody></tbody></table><p><strong>SR-Prüfung:</strong> 2009</p>
<p>Norman Bertram ist seit dem 08. Juni 2009 Schiedsrichter. Im Verein ist er seit August 2011. Norman Bertram ist ein gern gesehener Schiedsrichter im Kreisgebiet, der aber auch zu Einsätzen in anderen Kreisen kommt.</p>
</div></div>
			<div class="clear"></div>
			</article><article class="post-row clearfix last"><div class="post-thumbnail"><img width="150" height="150" src="https://svhuesten09.de/web/wp-content/uploads/2026/02/ilkay-oeczelep-schiri26-150x150.jpg" class="attachment-thumbnail size-thumbnail wp-post-image" alt="" decoding="async" loading="lazy" title="Ilkay Özcelep" srcset="https://svhuesten09.de/web/wp-content/uploads/2026/02/ilkay-oeczelep-schiri26-150x150.jpg 150w, https://svhuesten09.de/web/wp-content/uploads/2026/02/ilkay-oeczelep-schiri26-288x288.jpg 288w, https://svhuesten09.de/web/wp-content/uploads/2026/02/ilkay-oeczelep-schiri26-50x50.jpg 50w, https://svhuesten09.de/web/wp-content/uploads/2026/02/ilkay-oeczelep-schiri26-100x100.jpg 100w" sizes="(max-width: 150px) 100vw, 150px" /></div><div class="staff-post">
				<h2 class="entry-title">Ilkay Özcelep</h2>
				<div class="entry-summary"><table><tbody></tbody></table><p><strong>SR-Prüfung:</strong> 2026</p>
</div></div>
			<div class="clear"></div>
			</article></section>
